rue
Is 20544992521 composite?
True
Is 948056257 a composite number?
True
Is 2099260567 composite?
True
Is 2841870826 composite?
True
Is 109304843 a prime number?
False
Is 166936271633 a composite number?
False
Is 15389588015 composite?
True
Is 12074075297 a prime number?
False
Is 120639750769 composite?
False
Is 1774387183 prime?
True
Is 16100041169 prime?
True
Is 3142676521 prime?
False
Is 67486187017 composite?
True
Is 2045307659 a composite number?
False
Is 654259729 prime?
True
Is 577462019 prime?
True
Is 7239645023 prime?
False
Is 2371423751 a composite number?
False
Is 6556254017 composite?
True
Is 10750406947 composite?
True
Is 120333211 prime?
True
Is 629039531 composite?
False
Is 4489140589 a composite number?
True
Is 29674217263 composite?
False
Is 5853314563 prime?
True
Is 556510453 composite?
True
Is 852875897 a composite number?
True
Is 18287586217 a composite number?
False
Is 57724925243 composite?
False
Is 27363953597 composite?
False
Is 150257803 a prime number?
True
Is 890388337 a prime number?
True
Is 768722479 a composite number?
True
Is 398867605793 a composite number?
False
Is 3969810257 composite?
True
Is 20305414579 a composite number?
False
Is 13840106701 composite?
False
Is 19931179 composite?
True
Is 41438995601 a prime number?
True
Is 1999835549 a prime number?
True
Is 169053148003 composite?
False
Is 36976019363 a prime number?
True
Is 1401569483 a composite number?
False
Is 901948717 a prime number?
False
Is 123673812563 a prime number?
False
Is 126462743 composite?
True
Is 86269654439 composite?
False
Is 889265939 a composite number?
False
Is 18344107 a prime number?
True
Is 79320970529 prime?
True
Is 100301837 composite?
False
Is 36773136419 a composite number?
False
Is 120649014187 a prime number?
False
Is 39082828749 a composite number?
True
Is 158638565 a composite number?
True
Is 3102595607 composite?
False
Is 26658771593 composite?
True
Is 123401013847 prime?
False
Is 136444271 composite?
True
Is 2703946621 a composite number?
False
Is 82528223497 prime?
True
Is 342969769 a prime number?
True
Is 4151966171 prime?
False
Is 9445907333 prime?
True
Is 4377543647 a prime number?
True
Is 31239974837 prime?
False
Is 47061748081 composite?
True
Is 8382382783 a prime number?
True
Is 735888955 a prime number?
False
Is 1951436167 prime?
False
Is 126527641 prime?
True
Is 2334760039 composite?
True
Is 11971094461 composite?
False
Is 6402906929 a composite number?
True
Is 27366345371 a prime number?
False
Is 31395155821 a prime number?
True
Is 450468523 a prime number?
True
Is 1770562669 composite?
False
Is 4752871 a prime number?
True
Is 523810871 prime?
True
Is 10240357 composite?
False
Is 1003074713 a prime number?
False
Is 1147657853 composite?
True
Is 656594719 a composite number?
True
Is 448000055 prime?
False
Is 1850613467 a prime number?
False
Is 43875181343 a prime number?
False
Is 43590724321 a prime number?
True
Is 60489219601 a composite number?
True
Is 11599121803 a composite number?
True
Is 8693789497 a prime number?
True
Is 100344154513 composite?
True
Is 8697408697 a composite number?
False
Is 73396932359 a prime number?
False
Is 21757744361 a composite number?
False
Is 18201155113 prime?
False
Is 16477687 a prime number?
False
Is 11927677187 a prime number?
True
Is 497215193 composite?
False
Is 2841070235 a composite number?
True
Is 42298163 a prime number?
True
Is 665517907 composite?
True
Is 4545167369 a prime number?
True
Is 11270643641 a composite number?
False
Is 957393617 a prime number?
False
Is 76071099563 composite?
True
Is 1008538474 a prime number?
False
Is 4587938647 a prime number?
True
Is 1564128635 a composite number?
True
Is 49830983437 composite?
False
Is 66623318698 a composite number?
True
Is 31189991959 prime?
False
Is 303470861 composite?
False
Is 5136156719 composite?
True
Is 2225713679 composite?
True
Is 20021981719 prime?
True
Is 4502313583 composite?
False
Is 950431199 a composite number?
False
Is 1326679427 a prime number?
False
Is 73758541357 composite?
True
Is 16507867681 prime?
False
Is 273408033 a composite number?
True
Is 1597003853 composite?
True
Is 53420208559 a composite number?
False
Is 476213239 a composite number?
False
Is 7682187581 a composite number?
False
Is 1917884239 a prime number?
True
Is 84311397461 a composite number?
True
Is 3109171693 a composite number?
True
Is 103939523 composite?
False
Is 14394852419 a composite number?
False
Is 3181890371 a prime number?
False
Is 1603679331 composite?
True
Is 38005985581 a prime number?
True
Is 13595572033 a prime number?
True
Is 5301092717 a composite number?
False
Is 2138861423 prime?
False
Is 142054257823 prime?
True
Is 9580090361 composite?
False
Is 2494875517 a prime number?
True
Is 3270109669 prime?
False
Is 52782643 composite?
True
Is 2223371063 a composite number?
True
Is 10856128399 composite?
True
Is 6579111391 a composite number?
False
Is 880018813 prime?
True
Is 1607620943 a prime number?
True
Is 2981737445 composite?
True
Is 1786162967 composite?
False
Is 2396717803 a prime number?
True
Is 78776681749 composite?
True
Is 2058093659 a prime number?
False
Is 139668817 composite?
False
Is 139093362403 composite?
True
Is 56792941633 a prime number?
True
Is 44418494977 prime?
True
Is 752511295 a prime number?
False
Is 3822344059 a prime number?
True
Is 57054747 prime?
False
Is 2030143019 prime?
True
Is 196440719 a composite number?
False
Is 42792715387 a prime number?
True
Is 22386176149 a composite number?
True
Is 41083680401 a prime number?
False
Is 568898723 composite?
False
Is 6922413469 a composite number?
True
Is 756491614 composite?
True
Is 16665310391 composite?
False
Is 127757103487 composite?
True
Is 2166998437 a prime number?
True
Is 4879430905 a composite number?
True
Is 28683713209 composite?
False
Is 375643459 prime?
False
Is 322920341 a composite number?
False
Is 72292699 a prime number?
True
Is 678238831 a composite number?
False
Is 7893135461 composite?
True
Is 37387944647 a composite number?
True
Is 99587175866 composite?
True
Is 9737199077 a prime number?
False
Is 2022099473 a composite number?
False
Is 205965606779 a composite number?
False
Is 247813073 a composite number?
True
Is 11920530317 prime?
False
Is 16976782 a composite number?
True
Is 16144689809 a composite number?
False
Is 16002520441 a prime number?
True
Is 8197034117 composite?
True
Is 1857643451 a prime number?
True
Is 1269744547 composite?
False
Is 95433509627 composite?
False
Is 15629506531 composite?
False
Is 556880483 composite?
True
Is 7925274119 a prime number?
False
Is 9852154229 a composite number?
False
Is 14415788143 a prime number?
True
Is 111391960673 composite?
True
Is 16373079871 prime?
True
Is 2283127819 composite?
True
Is 7857372649 prime?
False
Is 8268449099 prime?
False
Is 1257084847 a composite number?
False
Is 178286281 composite?
True
Is 8312504689 a composite number?
False
Is 32063001059 composite?
True
Is 1609603309 a prime number?
True
Is 9978410461 a composite number?
True
Is 56301289658 prime?
False
Is 16146712303 prime?
True
Is 2121650867 composite?
True
Is 992642047 a prime number?
True
Is 249223769 prime?
True
Is 386735957 a composite number?
True
Is 538856881 composite?
False
Is 310786324523 a composite number?
True
Is 16113714041 composite?
False
Is 35826125257 a composite number?
True
Is 4926112861 composite?
True
Is 1974242447 a prime number?
False
Is 109005997 a composite number?
True
Is 113838349 a prime number?
True
Is 7540959823 composite?
False
Is 611279831 a prime number?
True
Is 16836665903 composite?
True
Is 26824438757 a prime number?
False
Is 8874115823 a composite number?
False
Is 2201439697 prime?
True
Is 12194491723 a composite number?
True
Is 362313233 a prime number?
True
Is 1167674681 prime?
True
Is 195236778981 a prime number?
False
Is 18706779629 composite?
True
Is 2449002667 prime?
True
Is 2851997009 a prime number?
False
Is 1521334189 composite?
True
Is 19948723537 prime?
True
Is 1672687829 prime?
True
Is 3559816781 prime?
True
Is 2324091082 prime?
False
Is 1433182679 composite?
True
Is 9963202367 prime?
True
Is 1086224213 a composite number?
True
Is 10701723451 a composite number?
False
Is 5365067287 a prime number?
False
Is 402757849 a composite number?
True
Is 1239521